{"id":14332,"date":"2018-10-28T22:27:58","date_gmt":"2018-10-28T22:27:58","guid":{"rendered":"https:\/\/nutricenter.cl\/wp\/?post_type=product&#038;p=14332"},"modified":"2022-08-06T05:17:17","modified_gmt":"2022-08-06T05:17:17","slug":"mielcruda","status":"publish","type":"product","link":"https:\/\/nutricenter.cl\/?product=mielcruda","title":{"rendered":"Miel de Ulmo de P. Montt  1 Kilo en frasco vidrio del Productor"},"content":{"rendered":"<p><strong>Ingredientes<\/strong>: 100% miel natural cruda sin filtrar.<\/p>\n<p><strong>Caracter\u00edsticas<\/strong>: Este producto se envasa tal como se encuentra en la colmena, sacando s\u00f3lo los residuos menores que puedan haber quedado y elementos circundantes a la colmena que se hubiesen depositado en la colmena. No est\u00e1 sometida a calor, por lo que conserva todo el potencial y cualidades propias del producto. La miel cruda sin filtrar posee excelentes cualidades para el tratamiento de quemaduras y evita el riesgo de infecciones, adem\u00e1s, es un agente antimicrobiano natural de efecto muy similar o a veces superior a algunos antibi\u00f3ticos.<\/p>\n<p><strong>Certificaciones<\/strong>:Cuenta con certificaciones RAMEX, REM y LEEP que lo hacen depositario de los m\u00e1s altos est\u00e1ndares de producci\u00f3n para su exportaci\u00f3n, convirti\u00e9ndola en un producto de primer nivel.<\/p>\n","protected":false},"excerpt":{"rendered":"<p>La miel cruda sin filtrar posee excelentes cualidades para el tratamiento de quemaduras y evita el riesgo de infecciones,adem\u00e1s,es un agente antimicrobiano natural de efecto muy similar o a veces superior a algunos antibi\u00f3ticos.<\/p>\n","protected":false},"featured_media":14386,"template":"","meta":[],"class_list":{"0":"post-14332","1":"product","2":"type-product","3":"status-publish","4":"has-post-thumbnail","6":"product_cat-alimento","8":"first","9":"instock","10":"taxable","11":"shipping-taxable","12":"purchasable","13":"product-type-simple"},"_links":{"self":[{"href":"https:\/\/nutricenter.cl\/index.php?rest_route=\/wp\/v2\/product\/14332","targetHints":{"allow":["GET"]}}],"collection":[{"href":"https:\/\/nutricenter.cl\/index.php?rest_route=\/wp\/v2\/product"}],"about":[{"href":"https:\/\/nutricenter.cl\/index.php?rest_route=\/wp\/v2\/types\/product"}],"wp:featuredmedia":[{"embeddable":true,"href":"https:\/\/nutricenter.cl\/index.php?rest_route=\/wp\/v2\/media\/14386"}],"wp:attachment":[{"href":"https:\/\/nutricenter.cl\/index.php?rest_route=%2Fwp%2Fv2%2Fmedia&parent=14332"}],"curies":[{"name":"wp","href":"https:\/\/api.w.org\/{rel}","templated":true}]}}