{"id":14335,"date":"2018-10-28T22:29:22","date_gmt":"2018-10-28T22:29:22","guid":{"rendered":"https:\/\/nutricenter.cl\/wp\/?post_type=product&#038;p=14335"},"modified":"2023-11-10T15:09:04","modified_gmt":"2023-11-10T15:09:04","slug":"vitaminac","status":"publish","type":"product","link":"https:\/\/nutricenter.cl\/?product=vitaminac","title":{"rendered":"Vitamina C &#8211; Neutro C\/1000 de 90 comprimidos"},"content":{"rendered":"<p>Vitamina C no \u00e1cida (Buffer) obtenida mediante un proceso en el que sufre cambios estructurales similares a los del organismo, dejando un PH neutro que contiene ascorbato de calcio y metabolitos naturales de la Vitamina C, que activan los mecanismos naturales de absorci\u00f3n y transporte de la Vitamina C.<\/p>\n<p><strong>Resultado<\/strong>: F\u00f3rmula de Vitamina C neutra (no \u00e1cida), suave con el est\u00f3mago (no causa irritaci\u00f3n g\u00e1strica) y de biodisponibilidad mayor (permanece por m\u00e1s tiempo en el organismo, siendo hasta 4 veces m\u00e1s efectiva que la Vitamina C \u00e1cida).<\/p>\n","protected":false},"excerpt":{"rendered":"<p>Vitamina no acida (neutra) de alta concentraci\u00f3n de absorci\u00f3n, contiene 90 comprimidos y pesa 167gr. permaneciendo 24 horas en en el organismo.<\/p>\n","protected":false},"featured_media":14381,"template":"","meta":[],"class_list":{"0":"post-14335","1":"product","2":"type-product","3":"status-publish","4":"has-post-thumbnail","6":"product_cat-suplemento","8":"first","9":"instock","10":"taxable","11":"shipping-taxable","12":"product-type-simple"},"_links":{"self":[{"href":"https:\/\/nutricenter.cl\/index.php?rest_route=\/wp\/v2\/product\/14335","targetHints":{"allow":["GET"]}}],"collection":[{"href":"https:\/\/nutricenter.cl\/index.php?rest_route=\/wp\/v2\/product"}],"about":[{"href":"https:\/\/nutricenter.cl\/index.php?rest_route=\/wp\/v2\/types\/product"}],"wp:featuredmedia":[{"embeddable":true,"href":"https:\/\/nutricenter.cl\/index.php?rest_route=\/wp\/v2\/media\/14381"}],"wp:attachment":[{"href":"https:\/\/nutricenter.cl\/index.php?rest_route=%2Fwp%2Fv2%2Fmedia&parent=14335"}],"curies":[{"name":"wp","href":"https:\/\/api.w.org\/{rel}","templated":true}]}}