{"id":14778,"date":"2018-12-15T18:36:39","date_gmt":"2018-12-15T18:36:39","guid":{"rendered":"https:\/\/nutricenter.cl\/wp\/?post_type=product&#038;p=14778"},"modified":"2024-05-06T20:00:23","modified_gmt":"2024-05-06T20:00:23","slug":"wheatgrass-en-polvo","status":"publish","type":"product","link":"https:\/\/nutricenter.cl\/?product=wheatgrass-en-polvo","title":{"rendered":"Wheatgrass en Polvo de 280gr. (Agotado)"},"content":{"rendered":"<p>El pasto de trigo es una fuente potente de un n\u00famero de nutrientes vitales e imprescindibles para nuestro organismo. Docenas de estudios sobre sus antioxidantes y nutrientes han demostrado los siguientes beneficios para nuestra salud:<\/p>\n<p>1.-\u00a0Suministrar una alta dosis de clorofila.<br \/>\n2.-\u00a0Fomentar un ambiente altamente oxigenado en el cuerpo.<br \/>\n3.-\u00a0Promover un metabolismo sano.<br \/>\n4.-\u00a0Establecer un ambiente alcalino en el organismo y combatir los radicales libres.<br \/>\n5.-\u00a0Actuar como un antibacteriano deteniendo el crecimiento excesivo de bacterias.<br \/>\n6.-\u00a0Fortalecer la sangre.<br \/>\n7.-\u00a0Equilibrar las hormonas y potenciar la fertilidad.<br \/>\n8.-\u00a0Reconstruir el tejido da\u00f1ado.<br \/>\n9.-\u00a0Desintoxicar el cuerpo de metales pesados.<br \/>\n10.-\u00a0Purificar el h\u00edgado y bajar los niveles de colesterol y triglic\u00e9ridos.<br \/>\n11.-\u00a0Regular el az\u00facar en sangre.<br \/>\n12.-\u00a0Actuar como antis\u00e9ptico para el tratamiento de olores, infecciones por estreptococos, heridas, sinusitis, infecciones de o\u00eddo, v\u00e1rices y cicatrices.<br \/>\n13.-\u00a0Prevenir las caries dentales.<br \/>\n14.- Combatir afecciones de la piel como eczema y psoriasis.<br \/>\n15.-\u00a0Mejorar la digesti\u00f3n y la absorci\u00f3n de nutrientes.<br \/>\n16.-\u00a0Reducir la inflamaci\u00f3n.<br \/>\n17.-\u00a0Mejorarla vista, especialmente la visi\u00f3n nocturna.<br \/>\n18.-\u00a0Ayudar con el sue\u00f1o.<br \/>\n19.-\u00a0Estimular el sistema inmunol\u00f3gico.<br \/>\n20.-\u00a0Mejorar las se\u00f1ales nerviosas y el bienestar mental.<\/p>\n<p>Presentaci\u00f3n en polvo o tabletas con el mismo precio.<\/p>\n","protected":false},"excerpt":{"rendered":"<p><span style=\"color: #00ff00;\"><span style=\"color: #00ff00;\"><b><span style=\"font-size: 14pt;\"><img loading=\"lazy\" decoding=\"async\" class=\"alignnone wp-image-15132 size-full\" src=\"https:\/\/nutricenter.cl\/wp-content\/uploads\/2018\/12\/as.png\" alt=\"\" width=\"1248\" height=\"257\" srcset=\"https:\/\/nutricenter.cl\/wp-content\/uploads\/2018\/12\/as.png 1248w, https:\/\/nutricenter.cl\/wp-content\/uploads\/2018\/12\/as-300x62.png 300w, https:\/\/nutricenter.cl\/wp-content\/uploads\/2018\/12\/as-768x158.png 768w, https:\/\/nutricenter.cl\/wp-content\/uploads\/2018\/12\/as-1024x211.png 1024w, https:\/\/nutricenter.cl\/wp-content\/uploads\/2018\/12\/as-1170x241.png 1170w, https:\/\/nutricenter.cl\/wp-content\/uploads\/2018\/12\/as-600x124.png 600w\" sizes=\"auto, (max-width: 1248px) 100vw, 1248px\" \/><br \/>\nOferta caja 12 frascos x mayor<br \/>\n18% de descuento (variable mes a mes, consultar)<br \/>\n<\/span>______________________________________________________________________________<br \/>\n<span style=\"font-size: 14pt;\">Wheatgrass en Polvo 280 gramos rinde 71 vasos de jugo<\/span><br \/>\nPRESENTACI\u00d3N EN POLVO DE 280gr. para 80 porciones aproximadamente.<\/b><\/span><br \/>\n<\/span><b>\u00a0Consulte para precios al por mayor, v\u00eda mail o tel\u00e9fono<\/b>. El pasto de trigo es una fuente potente de un n\u00famero de nutrientes vitales e imprescindibles para nuestro organismo. Docenas de estudios sobre sus antioxidantes y nutrientes han demostrado muchos beneficios para nuestra salud.<\/p>\n","protected":false},"featured_media":14762,"template":"","meta":[],"class_list":{"0":"post-14778","1":"product","2":"type-product","3":"status-publish","4":"has-post-thumbnail","6":"product_cat-alimento","7":"product_tag-breakfast","8":"product_tag-fruta","9":"product_tag-jugo","10":"product_tag-manzana","11":"product_tag-naranja","12":"product_tag-vegetales","14":"first","15":"onbackorder","16":"taxable","17":"shipping-taxable","18":"purchasable","19":"product-type-simple"},"_links":{"self":[{"href":"https:\/\/nutricenter.cl\/index.php?rest_route=\/wp\/v2\/product\/14778","targetHints":{"allow":["GET"]}}],"collection":[{"href":"https:\/\/nutricenter.cl\/index.php?rest_route=\/wp\/v2\/product"}],"about":[{"href":"https:\/\/nutricenter.cl\/index.php?rest_route=\/wp\/v2\/types\/product"}],"wp:featuredmedia":[{"embeddable":true,"href":"https:\/\/nutricenter.cl\/index.php?rest_route=\/wp\/v2\/media\/14762"}],"wp:attachment":[{"href":"https:\/\/nutricenter.cl\/index.php?rest_route=%2Fwp%2Fv2%2Fmedia&parent=14778"}],"curies":[{"name":"wp","href":"https:\/\/api.w.org\/{rel}","templated":true}]}}